+ 377. Suppose 2*i + i - 9 = 0. Let z be 7 + (v/5 - i). Calculate the greatest common factor of z and 70.
10
Let l(i) = i**3 + 6*i**2 - 11*i - 31. Let a be l(-7). Let n be 3 + (a - (-4)/(16/20)). Calculate the greatest common factor of n and 55.
5
Suppose 9*z - 28 - 170 = 0. What is the greatest common divisor of z and 198?
22
Suppose 2*o - 5*v - 159 = 237, -5*v = 0. What is the greatest common factor of o and 18?
18
Suppose -4*l + 85 = 5*h - 0, -l = 5*h - 70. Suppose 3*s = -5*o + 325, -4*o = s - 228 - 32. What is the greatest common divisor of h and o?
13
Let y = -192 - -207. Calculate the highest common divisor of 60 and y.
15
Suppose -742 = -0*u + 7*u. Let d = -74 - u. Calculate the highest common divisor of 64 and d.
32
Suppose 0 = 4*d + 5*t - 159, 10*d = 5*d + 3*t + 171. Let b = 43 - d. What is the greatest common divisor of b and 35?
7
Let t be (-10544)/24 + (-2)/3. Let a be -5*(0 + t/25). What is the greatest common divisor of a and 8?
8
Let d be 210/(-63)*168/(-10). Let f be (-1)/6 + 3362/12. What is the greatest common factor of d and f?
56
Let s be (-144)/(-42) - (9/7)/3. What is the greatest common factor of s and 258?
3
Let n be (-11 - 752/(-4))*9. What is the greatest common factor of 27 and n?
27
Let b = -4 - -8. Let q = -41 + 41. Suppose q = -2*x - 9*h + 4*h + 16, x = 2*h + 8. What is the greatest common divisor of x and b?
4
Let f(q) = -34*q + 8. Suppose -4*i = i - 5*v + 30, 2*i - v + 10 = 0. Let a be f(i). Calculate the greatest common divisor of 18 and a.
18
Let m = 108 + -25. Suppose -4*o = 7 - m. Calculate the greatest common divisor of o and 152.
19
Let n be ((-52)/(-10))/((-4)/(-20)). Let d = 3299 + -3091. What is the highest common factor of n and d?
26
Suppose -4*h = 2*h - 330. Calculate the highest common factor of 22 and h.
11
Let c be (18 - (-9 - -5)) + 6. Calculate the highest common divisor of 308 and c.
28
Suppose -64*k - 175 = -71*k. Suppose -3*x + 5*o = -16 + 1, 5*x + 3*o - k = 0. Let n be (-4)/(-12) + 4/6. Calculate the greatest common divisor of x and n.
1
Suppose -18 = -4*m - 2. Suppose -m*b = -2*r + 42, r = 3*b - 2*b + 18. Suppose -3*q - r = -8*q. What is the greatest common divisor of 1 and q?
1
Let w be -1*4*(2 - 0). Let u be 2*w/28*-7. Suppose 5*t + u*h - 41 = 0, -3*t + 12 = t - 2*h. Calculate the greatest common divisor of t and 45.
5
Let a be (12/10)/((-12)/(-160)). Let h(w) = -4*w**2 - 1. Let z be h(1). Let m be z/(60/a)*-24. What is the greatest common factor of 8 and m?
8
Let a be 4/(4 - 0) - (-190)/10. What is the greatest common factor of 640 and a?
20
Let u be 6/33 - (-2)/(-11). Suppose 12*y + 29 - 101 = u. What is the greatest common divisor of 3 and y?
3
Let m be 53*(-2)/(-6) - (-38)/114. Calculate the highest common divisor of 3222 and m.
18
Suppose -3*z - v + 8 = -7, -z + 5 = v. Let k(g) = g**2 - 5*g + 4. Let h be k(5). Let i be (h/2)/2*40. Calculate the highest common divisor of z and i.
5
Suppose 3*p + 12 = 5*k, -k - 17 - 13 = 3*p. Let w be (-1 - -2) + p + 8. Suppose w = i - 14 - 0. What is the highest common factor of i and 35?
7
Suppose 2*s = 154 - 10. Suppose -g = 5*a + s, 2*a = -4*g + 2*g - 104. Let j be 6/36 + g/(-6). Calculate the greatest common divisor of j and 20.
4
Let t be (24/(-10))/(51/(-1360)). Calculate the greatest common factor of t and 20.
4
Let c = 272 - 264. Calculate the greatest common divisor of 92 and c.
4
Suppose -4*r - 36 - 28 = 0. Let k be (1 - -4)*7/((-140)/r). Calculate the highest common factor of 16 and k.
4
Let i(h) = h**3 + 10*h**2 + 8*h - 28. Let s be i(-8). Let j be -1 - (-73 - 0/1). Calculate the greatest common divisor of s and j.
36
Suppose 0 = 4*r + 2*i - 394, -4*i = 3*r - 69 - 224. Suppose 0 = t + 8*t - r. Let f(a) = 4*a - 2. Let u be f(6). Calculate the highest common factor of u and t.
11
Suppose 0 = -8*c + 3*c + 90. Let f = 22 - c. Suppose 25 + 3 = f*p. What is the highest common factor of p and 14?
7
Suppose 9 - 49 = -2*m. Let s = 27 + -18. Let x = s - -71. What is the highest common divisor of x and m?
20
Suppose -2*w - 2*n = -20, w = -w - 3*n + 23. Let k(a) = -a**3 + 7*a**2 + 5*a - 23. Let s be k(w). Calculate the highest common factor of s and 12.
12
Let b = 120 - -39. What is the greatest common factor of 6 and b?
3
Let d(u) = u**2 - 5*u + 1. Let g be d(4). Let t be -9 + (g - -1 - -2). Let l be (-3)/9 - 93/t. Calculate the greatest common factor of 50 and l.
10
Let k = 6 - -1. Let y(u) = 10*u**2 - 3*u**2 + 2*u + 4 + 1 - 2*u**3 + u**3. Let b be y(k). What is the greatest common divisor of 19 and b?
19
Let w = -5 - -15. Let j be 3/6 + 405/w. Suppose -j = -2*x + 121. Calculate the greatest common divisor of x and 9.
9
Suppose -118 = -4*i + 3*d, 30*i = 33*i + d - 82. What is the highest common factor of i and 168?
28
Let b = 12 - 1. Let v = -236 + 269. Calculate the highest common factor of v and b.
11
Let y(i) = i**2 - i + 4. Let u be (1 - (-108)/(-21)) + (-7)/(-49). Let r be y(u). Suppose 3*f + 120 = 5*f. What is the highest common factor of f and r?
12
Let k(r) = -r**2 + 5*r + 34. Let z be k(0). Let i = 7 - 5. Let g be (-51)/i*20/(-6). What is the highest common factor of z and g?
17
Suppose 14*d = -2*d + 320. What is the highest common divisor of d and 180?
20
Let f be (-208)/(-30) + (-48)/(-720). Suppose 2 - 3 = -l. Calculate the greatest common divisor of l and f.
1
Let b be ((-87)/(-6))/((-2)/(-4)). Suppose t = b + 31. Let y(c) = -c**2 - 10*c - 9. Let g be y(-7). Calculate the highest common divisor of g and t.
12
Let p = 268 - 59. Calculate the greatest common factor of p and 19.
19
Suppose f - 6 - 1 = 0. Let x(u) = 4*u + 4. Let c be x(1). Suppose -523 = -c*v + 93. Calculate the greatest common divisor of v and f.
7
Suppose -24*f - 23 = -25*f. Suppose -q - 805 = -6*q. What is the greatest common divisor of q and f?
23
Let y = -86 + 131. Let r be 34/(-85) + (-54)/(-10). What is the highest common divisor of y and r?
5
Let d(r) = 13*r**2 + 1. Let y be d(-1). Suppose 3*x = m - 106, -5*m + 42*x = 45*x - 566. What is the highest common divisor of y and m?
14
Suppose -17*n = -22*n - 4*j + 86, 6 = -n + 5*j. What is the highest common factor of n and 35?
7
Suppose -q + 2*y + 7 = -25, -3*q - 3*y = -60. Let r be ((-146)/(-9) - 4/18) + -1. Let m = 21 + r. Calculate the greatest common divisor of m and q.
12
Let b(r) = -4*r**2 + 9*r + 1. Let s(l) = 5*l**2 - 8*l - 2. Let i(p) = 3*b(p) + 4*s(p). Let q be i(6). Calculate the greatest common factor of 23 and q.
23
Let c = 115 + -81. Let y be (-4)/c + (-3835)/(-85). What is the highest common divisor of 15 and y?
15
Let w(j) = 2*j - 2 + 0*j**3 - j**2 - j**3 - j**3 + 3*j**3. Let s be w(4). Calculate the highest common factor of s and 6.
6
Let g = 150 + -1. Let a = 162 - g. Calculate the highest common divisor of a and 143.
13
Let l(h) = 3*h**2 - 4*h - 3. Let x be l(-1). Let f be 0 + (-1 - -9)/(x/64). Calculate the greatest common divisor of 16 and f.
16
Let t(b) = -2*b + 17. Suppose -3*z = 5*y + 70, -3*y + 0*z - 28 = -z. Let u be t(y). What is the greatest common divisor of 78 and u?
39
Suppose -23*r + 40*r = 1394. Calculate the highest common divisor of r and 2132.
82
Let u(v) = 22*v + 2. Let m be u(13). Calculate the greatest common factor of m and 18.
18
Suppose -5*n = -13*n + 408. Calculate the highest common factor of 21 and n.
3
Suppose 2*x = -x + 36. Let b = -9 + x. Suppose -j = b*j - 28. What is the greatest common divisor of 49 and j?
7
Suppose -v + o + 33 = 2, -3*o = 0. Calculate the greatest common factor of v and 93.
31
Let q(p) = 2*p**2 + 59*p + 200. Let z be q(-26). Calculate the greatest common divisor of z and 16.
2
Let z(l) = 2*l + 15. Suppose 3*v + 29 + 1 = 0. Let r be z(v). Let j be r/(-2 - (-81)/42). Calculate the greatest common divisor of j and 10.
10
Let a be (-118)/(-14) - (-100)/175. Suppose -2*c = -30 - 12. Let r = a + c. Calculate the highest common divisor of r and 10.
10
Let p(z) = 2*z**2 + 2*z + 3. Suppose 0 = -4*c - 6 - 54. Let g = 20 + c. Let s be p(g). Calculate the highest common divisor of 21 and s.
21
Suppose -7*f = -46 - 332. Suppose -n - 8*n = -f. Calculate the greatest common divisor of n and 54.
6
Let n = 44 - 22. Suppose 3*i = -z - z + 16, -3*z - 14 = -5*i. Suppose -o + s + 24 = -s, -z*o - s = -43. Calculate the greatest common divisor of o and n.
22
Suppose -7*p